{"id":566,"date":"2020-10-22T12:45:37","date_gmt":"2020-10-22T16:45:37","guid":{"rendered":"https:\/\/cdn.jevelin.shufflehound.com\/creative-agency\/?post_type=fw-portfolio&#038;p=566"},"modified":"2024-03-18T10:52:21","modified_gmt":"2024-03-18T14:52:21","slug":"assistance-dentaire","status":"publish","type":"fw-portfolio","link":"https:\/\/mondep.com\/efpc\/formation\/assistance-dentaire\/","title":{"rendered":"Assistance dentaire"},"content":{"rendered":"<p><strong>\u00c0 qui s\u2019adresse ce programme ? :<\/strong><\/p>\n<ul>\n<li>Tu aimes travailler en \u00e9quipe?<\/li>\n<li>Tu es quelqu\u2019un de d\u00e9vou\u00e9 et port\u00e9 \u00e0 aider les autres ?<\/li>\n<li>Tu es une personne autonome et qui a de l\u2019initiative?<\/li>\n<li>Tu aimes le travail manuel ?<\/li>\n<li>Tu as le go\u00fbt d\u2019aider les gens dans le maintien et l\u2019am\u00e9lioration de leur sant\u00e9 buccodentaire?<\/li>\n<\/ul>\n<p><strong>Objectifs du programme :<\/strong><\/p>\n<ul>\n<li>Accueillir et accompagner la client\u00e8le<\/li>\n<li>Assister le dentiste lors des divers traitements<\/li>\n<li>Pr\u00e9parer le mat\u00e9riel n\u00e9cessaire<\/li>\n<li>S\u2019assurer de la conformit\u00e9 et du respect dans l\u2019ex\u00e9cution des r\u00e8gles d\u2019hygi\u00e8ne et d\u2019asepsie<\/li>\n<li>Fabriquer des pi\u00e8ces et des mod\u00e8les en laboratoire<\/li>\n<li>Entretenir des appareils et l\u2019\u00e9quipement et suivi de l\u2019inventaire<\/li>\n<li>Collaborer, participer aux t\u00e2ches administratives<\/li>\n<\/ul>\n<p><strong>M\u00e9tiers vis\u00e9s :<\/strong><\/p>\n<ul>\n<li>Assistant(e) dentaire<\/li>\n<li>Secr\u00e9taire dentaire<\/li>\n<li>Coordonnateur (trice) de clinique dentaire<\/li>\n<li>Repr\u00e9sentant(e) compagnie de produits dentaires<\/li>\n<li>Pr\u00e9pos\u00e9(e) aux r\u00e9clamations d\u2019assurance<\/li>\n<\/ul>\n<p><strong>Milieux de travail :<\/strong><\/p>\n<p>Clinique dentaire priv\u00e9e ou gouvernementale (arm\u00e9e, h\u00f4pitaux).<br \/>\nAutant avec des dentistes g\u00e9n\u00e9ralistes ou encore avec les diff\u00e9rents sp\u00e9cialistes du domaine dentaire tels que :<\/p>\n<ul>\n<li>Orthodontiste<\/li>\n<li>Chirurgien maxillofacial<\/li>\n<li>Prosthodontiste<\/li>\n<li>P\u00e9dodontiste<\/li>\n<li>Endodontiste<\/li>\n<\/ul>\n<p><strong>Horaire\u00a0:<\/strong> Jour : 7h59 \u00e0 15h25<\/p>\n<p><strong>Dur\u00e9e :<\/strong> 1 500 heures (environ 12 mois)<\/p>\n<p><strong>Co\u00fbts de la formation : Environ 395$ (uniforme en sus)<\/strong><\/p>\n<p><a href=\"https:\/\/www.inforoutefpt.org\/progSecDet.aspx?prog=5144&amp;sanction=5\" target=\"_blank\" rel=\"noopener\"><strong>Cliquez ici pour conna\u00eetre les pr\u00e9alables exig\u00e9s pour cette formation<\/strong><\/a><\/p>\n<p>&nbsp;<\/p>\n","protected":false},"featured_media":3157,"comment_status":"open","ping_status":"closed","template":"","fw-portfolio-category":[61],"class_list":["post-566","fw-portfolio","type-fw-portfolio","status-publish","has-post-thumbnail","hentry","fw-portfolio-category-sante"],"_links":{"self":[{"href":"https:\/\/mondep.com\/efpc\/wp-json\/wp\/v2\/fw-portfolio\/566","targetHints":{"allow":["GET"]}}],"collection":[{"href":"https:\/\/mondep.com\/efpc\/wp-json\/wp\/v2\/fw-portfolio"}],"about":[{"href":"https:\/\/mondep.com\/efpc\/wp-json\/wp\/v2\/types\/fw-portfolio"}],"replies":[{"embeddable":true,"href":"https:\/\/mondep.com\/efpc\/wp-json\/wp\/v2\/comments?post=566"}],"version-history":[{"count":7,"href":"https:\/\/mondep.com\/efpc\/wp-json\/wp\/v2\/fw-portfolio\/566\/revisions"}],"predecessor-version":[{"id":4656,"href":"https:\/\/mondep.com\/efpc\/wp-json\/wp\/v2\/fw-portfolio\/566\/revisions\/4656"}],"wp:featuredmedia":[{"embeddable":true,"href":"https:\/\/mondep.com\/efpc\/wp-json\/wp\/v2\/media\/3157"}],"wp:attachment":[{"href":"https:\/\/mondep.com\/efpc\/wp-json\/wp\/v2\/media?parent=566"}],"wp:term":[{"taxonomy":"fw-portfolio-category","embeddable":true,"href":"https:\/\/mondep.com\/efpc\/wp-json\/wp\/v2\/fw-portfolio-category?post=566"}],"curies":[{"name":"wp","href":"https:\/\/api.w.org\/{rel}","templated":true}]}}

<p><strong>À qui s’adresse ce programme ? :</strong></p>
<ul>
<li>Tu aimes travailler en équipe?</li>
<li>Tu es quelqu’un de dévoué et porté à aider les autres ?</li>
<li>Tu es une personne autonome et qui a de l’initiative?</li>
<li>Tu aimes le travail manuel ?</li>
<li>Tu as le goût d’aider les gens dans le maintien et l’amélioration de leur santé buccodentaire?</li>
</ul>
<p><strong>Objectifs du programme :</strong></p>
<ul>
<li>Accueillir et accompagner la clientèle</li>
<li>Assister le dentiste lors des divers traitements</li>
<li>Préparer le matériel nécessaire</li>
<li>S’assurer de la conformité et du respect dans l’exécution des règles d’hygiène et d’asepsie</li>
<li>Fabriquer des pièces et des modèles en laboratoire</li>
<li>Entretenir des appareils et l’équipement et suivi de l’inventaire</li>
<li>Collaborer, participer aux tâches administratives</li>
</ul>
<p><strong>Métiers visés :</strong></p>
<ul>
<li>Assistant(e) dentaire</li>
<li>Secrétaire dentaire</li>
<li>Coordonnateur (trice) de clinique dentaire</li>
<li>Représentant(e) compagnie de produits dentaires</li>
<li>Préposé(e) aux réclamations d’assurance</li>
</ul>
<p><strong>Milieux de travail :</strong></p>
<p>Clinique dentaire privée ou gouvernementale (armée, hôpitaux).<br />
Autant avec des dentistes généralistes ou encore avec les différents spécialistes du domaine dentaire tels que :</p>
<ul>
<li>Orthodontiste</li>
<li>Chirurgien maxillofacial</li>
<li>Prosthodontiste</li>
<li>Pédodontiste</li>
<li>Endodontiste</li>
</ul>
<p><strong>Horaire :</strong> Jour : 7h59 à 15h25</p>
<p><strong>Durée :</strong> 1 500 heures (environ 12 mois)</p>
<p><strong>Coûts de la formation : Environ 395$ (uniforme en sus)</strong></p>
<p><a href="https://www.inforoutefpt.org/progSecDet.aspx?prog=5144&amp;sanction=5" target="_blank" rel="noopener"><strong>Cliquez ici pour connaître les préalables exigés pour cette formation</strong></a></p>
<p>&nbsp;</p>
